*c + 125 = 8*l - 3*l. Suppose -3*r = -0 + c. Is (5/r)/(1/(-86)) composite?
False
Let u be (-55)/22*16/(-10). Let n(d) = -d. Let f be n(-5). Suppose -2*l + u*q = -94, 0 = -5*l + q - f*q + 291. Is l a prime number?
False
Let k = 11 - 8. Let y be 3*((-1)/k + 2). Suppose -y*o + 265 = l - 6*l, 4*o + l = 202. Is o composite?
True
Suppose 0 = 3*l - 61 - 8. Is l prime?
True
Suppose 0*h - 18 = -h. Suppose h = -3*z - 183. Let f = 146 + z. Is f prime?
True
Suppose 0 = 7*m - 2*m + 5. Let q be m*(120 - -2 - 0). Let w = 241 + q. Is w composite?
True
Let k(a) = -a + 5. Let w be k(5). Suppose -3*h + 141 = -w*h. Is h a prime number?
True
Let c(k) = -k**3 - 7*k**2 - 9. Let v be c(-7). Let l = v - -86. Is l a prime number?
False
Let d be 4/(-2) + 2/1. Let k be 2 - (-1 + -39) - d. Suppose l + o - 2 = 0, 5*l + 2*o = 5*o + k. Is l composite?
True
Let n be 0 + -2 + 7 + 0. Suppose q = 3*u + 9, n*q + 6 + 1 = 2*u. Is 0/2 - (q + -48) prime?
False
Let q = 15 + -11. Suppose 2*h + 161 = q*g - 3*h, 3*g = -3*h + 114. Is g a composite number?
True
Let c(y) = -4*y**2 - 3*y + 2. Let t(i) = 6*i**2 + 4*i - 3. Let k(n) = 7*c(n) + 5*t(n). Let a be 5*(-2)/(20/(-6)). Is k(a) a prime number?
False
Let c(l) = 369*l - 1. Let f be c(1). Let g = f - 227. Is g a prime number?
False
Let k(t) = 63*t - 8*t + 4 + 27*t - 13. Is k(4) composite?
True
Let h be (8/(-5))/((-4)/20). Suppose -g = -2 - h. Is 155/g*1*2 prime?
True
Suppose 2*a = 4*a - 6. Suppose 43 = a*k - 4*c, -k + 0*k - c = -26. Is (-2)/3 + 308/k composite?
True
Suppose 0 = 5*k - 5*j + 5, -6 = 3*k - 5*j + j. Suppose k*o + o = 426. Is o prime?
False
Suppose -k - 3*r + 0*r = -8, -4*k + 4*r = 0. Suppose -4*g = -k*g. Suppose 4*f - 1028 = -g*f. Is f a composite number?
False
Let m(o) = -o**3 + 3*o**2 + o + 1. Let n be m(3). Suppose 0*w = w - n. Suppose 0 = -2*i - 3*k + 58, 3*k = -w*i - 4 + 132. Is i prime?
False
Let m = -9 + 13. Suppose m*o = -0*o + 124. Is o composite?
False
Suppose 2*j + 1327 = 5*n, -2*n - n = -2*j - 793. Is n a composite number?
True
Suppose -2874 = -4*l + 3898. Is l a prime number?
True
Suppose -4*d + 5*r + 28 = 0, 5*r = 2*d - 30 + 6. Suppose -d*x + 86 = -136. Is x a composite number?
True
Let p(d) = -d**3 - 12*d**2 - 10*d + 14. Let n be p(-11). Let s(j) = 39*j + 2. Is s(n) a prime number?
False
Suppose 0 = -v + 944 + 243. Is v a prime number?
True
Suppose -2*x = x - 21. Let i be (86/6 + -1)*3. Let h = i - x. Is h a composite number?
True
Suppose b + 4*o = 2 - 20, 4*o + 24 = -4*b. Let a = 0 - b. Suppose 70 = -0*x + a*x. Is x composite?
True
Let u = 3 + -1. Let z(o) = -4*o**u + 5*o**2 + 0*o**2. Is z(-2) a composite number?
True
Suppose -2*r + 18 + 164 = 0. Is r prime?
False
Suppose 2*f + 3 = -5. Is (2 - (f + 2)) + -1 prime?
True
Let m(r) = r**3 - 14*r**2 + 15*r + 3. Is m(15) a prime number?
False
Is (-851)/(-6) + 392/48 + -8 a prime number?
False
Is ((-1)/(0 + 4))/((-7)/40292) prime?
True
Let h(q) = 2*q**3 - 13*q**2 - 3*q + 9. Is h(10) composite?
True
Let o be ((-8)/(-10))/(1/(-5)). Let c = -4 + o. Let r = c - -34. Is r a composite number?
True
Let u = -7 - -11. Let m be 2*((-2)/u + 1). Is m - (-2)/(-1) - -11 prime?
False
Suppose k - 773 = -u - u, -2275 = -3*k + 5*u. Suppose -4*d = d - k. Suppose i - 154 = d. Is i composite?
False
Is 16/32 - (-2138)/4 composite?
True
Let s(t) = 25*t**2 - 3*t + 25. Is s(6) a composite number?
False
Let a = 31 + -12. Is a a composite number?
False
Let g be (40/15)/(1/42). Suppose -2*t + g = 10. Is t a prime number?
False
Let c(m) = 8*m**2 - 4*m + 2. Let a be c(-4). Let w = a + 191. Is w a prime number?
True
Let z be -3 + 1*182 + 2. Suppose 0 = 3*i - 2*v - 1247, -4*v + 216 = i - z. Is i prime?
False
Let o = 566 - 25. Is o a prime number?
True
Let p = -601 - -1139. Is p a composite number?
True
Let r(c) = -6 + 2*c**2 - 3*c + 10*c - 1. Suppose -2*w - 30 = w - 3*x, -2*x - 16 = 4*w. Is r(w) prime?
True
Is (0 - (-2434)/8) + (-36)/(-48) a composite number?
True
Let r be (-294)/(-15) - (-6)/(-10). Is r - (0 - (-2 - -2)) a composite number?
False
Is ((-2)/(-4))/(5 + (-8529)/1706) a composite number?
False
Let c = 3 + -1. Let f be -141*(c - 1) - -1. Is ((-5)/4)/(5/f) composite?
True
Suppose 0 = -5*b + 4*b + 4. Is 72 - b - (-6)/(-2) a prime number?
False
Suppose -5*c - 1228 = -4*w, 3*w + 921 = 6*w - 4*c. Is w composite?
False
Let f(y) = y**3 - 5*y**2 + 7*y - 3. Let o be f(3). Suppose 3*x - 7*x + 5444 = o. Is x a prime number?
True
Let q = 123 + -345. Let o = -124 - q. Let f = 181 - o. Is f a composite number?
False
Let v(p) = 8*p**3 + 4*p**2 - 4*p + 4. Let q be v(3). Let g = 13 - 9. Suppose g*x = -32 + q. Is x composite?
False
Suppose -93*m - 327 = -96*m. Is m a prime number?
True
Let d(g) = -31*g**3 + g + 3. Is d(-4) prime?
False
Let y be -2 + (-7)/(2 + -3). Let f(u) = -5*u + y*u + 3*u**2 - 4 + u. Is f(3) a prime number?
False
Suppose -3*p + a = -4*a - 1020, 5*p + 2*a = 1669. Is p a composite number?
True
Let u be (12/(-24))/((-1)/12). Let s(x) = 9*x**2 + x - 7. Is s(u) a prime number?
False
Let g be (-8)/12 - 11/(-3). Suppose g*q = -q + 244. Let a = -28 + q. Is a a composite number?
True
Let a = 415 - 120. Is a a composite number?
True
Let j = 61 + -24. Is j composite?
False
Suppose -5*l - 1229 = -4*o, -2*o + 351 = 4*l - 231. Is o a prime number?
False
Suppose 0 = -3*a - 4*y + 4983, 4*a = 2*y + 547 + 6075. Is a a composite number?
False
Is 2 + ((-1990)/8)/((-2)/8) prime?
True
Suppose -7 = -5*v + 2*q + 45, v = -4*q + 6. Suppose 3*l = -2*l - 2*k + v, -3*l - 5*k = 13. Suppose 0 = l*r - 2*r - 14. Is r prime?
True
Let b = -1 - -3. Let a(c) = -33*c**2. Let q be a(b). Is (2/4)/((-2)/q) a composite number?
True
Let q(v) = 11*v**2 - v - 3. Suppose -2*t + 4 = -4. Is q(t) composite?
True
Suppose -3*j - j + 2300 = 0. Suppose -f = 4*f - j. Is f composite?
True
Suppose -2*h = -5*s + 3*h + 10, 0 = -s + 3*h. Suppose 0*v - 435 = s*v. Let b = -98 - v. Is b composite?
False
Let a(v) = 34*v**3 + 2*v**2 - 3*v + 1. Let x be a(2). Suppose -3*t + x = 2*t. Suppose m + 0*m - t = 0. Is m a composite number?
True
Suppose 5*f - f - 200 = 0. Let g = f + -15. Is g prime?
False
Suppose -4*m + 445 = -3*j - 619, 2*j = m - 271. Is m a prime number?
True
Let n be (0 - -3)*(-2)/3. Let b = 4 + n. Suppose 2*j - 508 = -b*j. Is j composite?
False
Suppose 0 = -4*u + 381 - 133. Is u composite?
True
Let b(x) = 1 + x - 2*x - 36*x**3 + x - x**2. Let g be b(1). Let a = -3 - g. Is a a composite number?
True
Let w(i) be the third derivative of -43*i**4/8 - 7*i**3/6 - 8*i**2. Is w(-4) a prime number?
True
Let g = -169 - 137. Let q = g + 557. Is q prime?
True
Suppose -3*q + h + 1548 = -1170, 0 = -3*q - 4*h + 2733. Is q composite?
False
Let c = 545 + -48. Is c composite?
True
Suppose -6*j + 998 + 1876 = 0. Is j composite?
False
Suppose 4*b = -6*j + 4*j + 8354, -2*b + 12515 = 3*j. Is j composite?
True
Let u(z) = 54*z + 3. Is u(9) a prime number?
False
Let w = 382 + 247. Is w a composite number?
True
Suppose -l - 1494 = -7*l. Is l a composite number?
True
Suppose 4 = 3*t - 8. Suppose 0 = -2*r + t*r. Is (r - 7)/((-2)/6) prime?
False
Let i be (-4 - -3) + 4 - -1. Let k(y) = -y**3 + 5*y**2 - 4*y + 5. Let c be k(i). Suppose 0 = -c*u + 2*u + 21. Is u composite?
False
Let l = 35 + 114. Is l a composite number?
False
Let z(v) = 3*v**2 + 5 - 2 - 4. Is z(4) prime?
True
Let f(u) = -u**3 + 5*u**2 + 7*u - 2. Let o be f(6). Let m(c) = -9*c - 7. Let h(l) = -19*l - 15. Let d(q) = 2*h(q) - 5*m(q). Is d(o) composite?
True
Let j(h) = 6 - h**2 + 4*h**2 - 3*h - 2*h**2 + 2*h. Let t be j(5). Is -1*14/(-4)*t composite?
True
Suppose -41*d - 221 = -42*d. Is d composite?
True
Let k = -5 + 5. Suppose k = -i - 0*i + 43. Suppose y + s = -2*s + 55, -i = -y + 3*s. Is y a prime number?
False
Is 1 - ((-36)/(-3))/((-2)/411) prime?
True
Suppose -4*u = -2*u - 8. Suppose -u*a = 10 - 94. Suppose -a = -b + 3*d + 10, 4*d = -b + 3. Is b a prime number?
True
Let a be (-6)/(-8) - 642/24. Let h = 7 - a. Is h a composite number?
True
Suppose 2*z + z + 1488 = 0. Let s = -287 - z. Is s prime?
False
Let d be (-460)/(-2) - (-5 + 3). Suppose 0*v - d = -2*a + 2*v, 2*v - 601 = -5*a. Is a prime?
False
Let r = 319 + -174. Suppose -5*i - r = -0*y - 3*y, 2*i + 212 = 4*y. Is y a prime number?
False
Let u(g) = -15*g**2 - g - 1. Let m(d) = 46*d**2 + 2*d + 2. Let q(v) = -2*m(v) - 7*u(v). Is q(4) composite?